se -5 = -f, 0 = t*k - 5*f + f + 1439. Let c = k + 4120. Is c a composite number?
True
Is (1580346/10 - 4) + (-232)/145 composite?
False
Let q(w) = 5*w**2 - 61*w + 22. Let v(i) = -5*i**2 + 80*i - 23. Let g(b) = 4*q(b) + 3*v(b). Let a(t) = -2*t + 2. Let m be a(-3). Is g(m) prime?
True
Suppose -13*t = -718725 - 999082. Suppose -t = -145*b + 138*b. Is b prime?
False
Is 52/(-13) + 102763 + 2 prime?
True
Let t = -42 - -46. Suppose 22 = 2*w + 9*w. Suppose z - w*f = -0*f + 163, -3*f - 652 = -t*z. Is z composite?
False
Is -1 + (-90)/(-80) + (-1520046)/(-16) composite?
False
Let v(f) = 4*f + 135. Let a be v(-35). Let u(b) = b - 12. Let j be u(7). Is (a/3)/j*3945 composite?
True
Is (330/(210/(-14)))/((-2)/11351) a composite number?
True
Let l = -2655688 + 5744073. Is l a prime number?
False
Suppose 12 = 22*h - 16*h. Suppose 2*t - 4*t = -h. Is (t - 150)*(11 - 16) prime?
False
Let c be (-8)/(-3)*(-27108)/144. Let s = 613 + c. Is s a prime number?
False
Suppose -4*v - 12520 = -8*v. Suppose -2*l - 1254 = -2*c, -4*l + 2*c - v + 620 = 0. Let t = 1301 + l. Is t composite?
False
Suppose -42*k + 10311828 - 6433730 + 10528280 = 0. Is k prime?
False
Suppose 0 = 10*y - 12687 - 6383. Let h = 6756 + y. Is h a prime number?
True
Let a be ((-1)/(-4) - 319/(-132))*6. Suppose -2 - a = -9*n. Suppose n*h - 216 = -i, 0*i - h + 643 = 3*i. Is i a prime number?
False
Suppose -12606115 = -5*g + 18*u - 14*u, 0 = -2*u. Is g a composite number?
False
Let z be (-8316)/(-702) + 4/26. Suppose -z = -4*v, 4*q - 4*v - 14653 = -q. Is q composite?
True
Let l(x) = -3*x**3 + 499*x**2 + 192*x - 19. Is l(162) prime?
False
Let i(n) = 4*n - 19. Let u be i(9). Let m(t) = t**3 - 4*t - 1 + 4*t - u*t. Is m(7) a composite number?
False
Suppose -3651932 = -12*t + 805331 - 1008019. Is t a prime number?
True
Let r(j) = 123*j + 15. Let h be r(3). Is 11/(h/(-129) - -3) a composite number?
True
Is (-506127)/(-9) - ((-1888)/177 + (-10)/(-1)) prime?
True
Let m = 86869 - -261588. Is m a prime number?
True
Let d be ((2 + -1)/(-1))/(3/9). Let u(t) = -5462*t - 29. Is u(d) a prime number?
False
Suppose 0 = c - 16 + 8. Suppose 4 = 9*o - c*o. Suppose -o*n = b - 7321, 0*b = 3*n + b - 5492. Is n a prime number?
False
Let h = 62 - 51. Suppose 132330 = -0*y - h*y. Is 12/66 + y/(-22) composite?
False
Let p(k) = k**2 + 8*k - 36. Let h be p(-12). Let q be 6*(2 + h/(-9)). Suppose -3*t + 8 = d - 109, -q*d + 164 = 4*t. Is t a composite number?
True
Suppose -1 - 4 = 5*a, 4*r - 186 = -10*a. Suppose -5*x + 3*t = 255 - 1355, -5*x - 3*t = -1100. Let l = x + r. Is l a composite number?
False
Let g(r) = 4*r**3 - 349*r**2 - 229*r - 739. Is g(122) a prime number?
False
Suppose 5*l - 3*r - 3 = 0, -4*l - 3*r = -3 - 21. Suppose -2*w = 10, -w + 22 = 3*m - l*w. Let n(p) = 2*p**3 + p**2 - 3*p + 9. Is n(m) a composite number?
True
Let u = 120135 - 67100. Is u a prime number?
False
Suppose 0 = 101*p - 13286703 + 4241042. Is p prime?
True
Suppose -5*x - 4*s = -60, 3*x - 63 = -27*s + 30*s. Suppose 0 = 24*r - x*r - 41048. Is r a prime number?
False
Suppose -4*k = a - 5*k, 2 = k. Suppose -5*j + 41855 = -4*m, j - m - 8371 = a*m. Is j a prime number?
False
Suppose 0 = -4*v + 2*q + 842838, -4*v + 165*q = 161*q - 842840. Is v composite?
False
Let p(n) be the third derivative of 179*n**4/8 - 61*n**3/6 - 11*n**2. Let v(h) = 134*h - 15. Let r(j) = 2*p(j) - 9*v(j). Is r(-4) a composite number?
False
Suppose -t - 27044 = -2*j + 55284, -4*t - 205823 = -5*j. Is j a prime number?
False
Suppose -312*k + 16179437 = -41684865 - 19269274. Is k a prime number?
True
Let t be (2 + (-24)/4)*-11. Suppose -43*i - 4645 = -t*i. Is i a composite number?
True
Suppose 12*c - 11*c - 4 = 0. Let q(f) = -17*f**3 - 6*f**2 - 4*f + 5. Let m be q(-5). Suppose c*j = m + 1448. Is j composite?
True
Let u = 3 - -4. Suppose n = -3*n - 5*s - u, -n + 5 = -s. Suppose -5*q - 2*m = -1541, m + 608 = n*q - m. Is q a prime number?
True
Let u(d) = d**3 - 12*d**2 + 17*d - 126. Let w be u(15). Suppose v - k - w = 0, 0 = -3*v - 6*k + k + 2452. Is v a prime number?
True
Let l(b) = 25*b**3 - 8*b**2 - 13*b + 61. Suppose -32*g + 8*g + 144 = 0. Is l(g) composite?
True
Let a = 104725 - 74432. Is a a prime number?
True
Let r = -20751 - -271270. Is r a composite number?
True
Suppose -30*r - 15838 = 110102. Is (r/6)/(-4 - (-143)/39) a composite number?
False
Let g = 42120 + 92033. Is g a prime number?
True
Let o(p) = 7*p**2 - 56*p + 170. Let n(b) = 6*b**2 - 55*b + 170. Let l(i) = 6*n(i) - 5*o(i). Is l(49) a composite number?
True
Let r be -1*(-38)/4*2. Let c = 27 - r. Is 113 + 5*c/20 a prime number?
False
Let c be (80/48)/((-5)/(-6)). Suppose -5*d - 3*o + c*o = -6707, 5*d + 4*o - 6698 = 0. Let q = d - 540. Is q a composite number?
True
Suppose d + 8*d + 90188 = 284435. Is d a composite number?
True
Let l = 4130 + 3399. Is l a composite number?
False
Let x = -131296 + 284175. Is x a composite number?
False
Suppose b = 0, -12*s + 15*s = 2*b + 9. Suppose 2*g = -4*d + 4*g + 8698, s = -g. Is d prime?
False
Suppose 11*k - 21*k + 2780 = 0. Suppose 20409 = -275*p + k*p. Is p a composite number?
False
Suppose -w = 5*g - 158868, -635367 = 18*w - 22*w + g. Is w prime?
True
Suppose -3*m + 5*s = -104749, 19*m = 23*m - 5*s - 139662. Is m a prime number?
True
Let i(l) = -33*l**3 - 11*l**2 - 3*l + 5. Let f(y) = 16*y**3 + 5*y**2 + y - 3. Let d(a) = -13*f(a) - 6*i(a). Let v = -1684 + 1679. Is d(v) a composite number?
False
Let u(a) = 415*a**2 - 161*a + 89. Is u(-25) prime?
True
Let g(q) = -954*q + 65. Is g(-12) a prime number?
False
Let g(w) = -8*w**3 - 8*w**2 - 3*w + 10. Let t be g(-7). Suppose 0 = 3*z - v - 9, -3*v = z + 7. Suppose 0 = 3*c + 2*c + n - 5938, t = z*c + 3*n. Is c prime?
True
Let s be (-45)/(-63) + 314545/49. Suppose 2*i - 2574 = -2*r + 7*i, -5*i = -5*r + s. Is r composite?
True
Let x(i) = 20*i + 1. Let a be x(7). Suppose 3*b - 2*j = a, 3*b = 2*b + 3*j + 40. Is b composite?
True
Let o = 100 + 0. Let c = o - 88. Is 1/1 - 78/c*-12 composite?
False
Let b(i) = -i**3 + 13*i**2 - 14*i + 20. Let l be b(12). Let z be l/(-14) - -3*6/(-63). Let d(h) = h + 1399. Is d(z) prime?
True
Let a(m) = -m + 172. Let s = -25 - 14. Is a(s) composite?
False
Let u be (-150)/(-20) - 6/4. Suppose -u*j - 9*j + 33045 = 0. Is j composite?
False
Let d(y) = -y**3 - 12*y**2 + y + 15. Let h be d(-12). Suppose 11367 + 1038 = h*k. Is k a prime number?
False
Suppose 4*l - 8*l + 8 = -2*n, 3*n + l - 16 = 0. Suppose 23125 = 4*x + 3*y, 4*x - 5*y + n*y = 23113. Is x composite?
False
Let g(b) = 24*b**3 + 13*b**2 - 25*b + 29. Let y be (1 - -5)/(6 + 80/(-15)). Is g(y) a prime number?
True
Suppose p = 3*n - 9814, -122*n + 127*n - 16358 = 3*p. Is n composite?
False
Suppose 137 = -2*q - 5*b + 22531, 0 = -q - 2*b + 11197. Is q a prime number?
True
Suppose -2 = -4*i + h - 4*h, 0 = i - 2*h - 6. Is ((-7)/(35/(-5)))/(i/1466) prime?
True
Suppose 4*n = n + 47664. Let b = 26861 - n. Is b prime?
True
Suppose -113*o + 1995241 = -0*o. Is o composite?
False
Is 149/(-5)*-20635 + -6 a composite number?
False
Suppose 358304 = 4*x + 28*x. Is x a composite number?
False
Let w(g) = 10*g**2 - 10*g - 7. Let m = 70 - 67. Suppose 2*k = -m*s + 3*k + 21, k + 13 = 2*s. Is w(s) a prime number?
False
Let l be ((-9)/6)/((-3)/(-6)). Let d(f) = -f - 4. Let k be d(l). Is (-1)/(((-1)/(-467))/k) prime?
True
Let i = 14 - 12. Let b be i*(4 - 3) + 0. Suppose -3*l = b*g - 1114, 3*g - 4*l = 2771 - 1100. Is g a composite number?
False
Let v = -23 + -14. Let y = -35 - v. Suppose 3*z - 4*s - s - 2803 = 0, -5*z + y*s + 4697 = 0. Is z composite?
False
Let s = -36 + 39. Suppose 0 = -5*d + 2*n - 543 + 6015, s*d = -5*n + 3308. Suppose -4*v + d = -3372. Is v composite?
False
Suppose -b + 2*b - 3 = 0. Suppose c - b - 2 = 0. Suppose -2*w + 2282 = 4*a, -9*w + c*w + 4564 = 2*a. Is w prime?
False
Let a(s) = 86*s**2 - 21*s + 30. Is a(17) prime?
True
Let d(t) = -t**3 + t**2 + 42*t + 41. Let p be d(-1). Is -51124*(-7)/14*p/2 prime?
True
Suppose 0*w - 7 = -7*w. Let o be (-3494)/w + (1 - 0). Is (-6)/4 + 1 + o/(-14) a composite number?
True
Let j(q) = 5349*q**2 + 462*q + 11. Is j(4) a composite number?
False
Let s = -1 - -3. Suppose 2*d - 10 = -s. Suppose 2*y - 4*t = 1422, -t = -y + d*t + 726. Is y prime?
True
Suppose n + 37*t - 32*t = 1711, 6844 = 4*n - 4*t. Is n composite?
True
Suppose -4*s = 2*x - 20, 0 